e remainder when 33 is divided by w(-4).
9
Suppose -125 = -4*j + 99. Let i = 4291 + -4277. What is the remainder when j is divided by i?
0
Calculate the remainder when (0 - 69)*((-560)/30 - -10) is divided by 85.
3
Suppose 52*p + 82*p = 8040. Let w = -193 + 310. Calculate the remainder when w is divided by p.
57
Let c(u) be the third derivative of -u**4/8 - u**3/6 + u**2 + 115*u. Calculate the remainder when c(-3) is divided by 2.
0
Let a(h) = 18*h**2 + 1415*h - 4240. What is the remainder when 6344 is divided by a(3)?
165
Suppose 2*u + 0*u = -14. Let b = u + 10. Let m(r) = r**3 - 15*r**2 - 3*r + 48. Calculate the remainder when b is divided by m(15).
0
Suppose 18*o + 4*m = 15*o + 56, 0 = o + 2*m - 18. What is the remainder when 1579 is divided by o?
19
Let w = -6540 + 6703. Calculate the remainder when 575 is divided by w.
86
Suppose 24*s - 56*s + 150 = -31*s. What is the remainder when 5399 is divided by s?
149
Let b(u) = -17*u - 18. Let t be b(0). Let m(l) = -9*l - 80. Let o = 30 + -18. What is the remainder when m(t) is divided by o?
10
Suppose 2*a - 12 = -3*h + 11, -3*a + 17 = h. Suppose -128*d - 54 = -119*d. What is the remainder when 23 is divided by ((-21)/d + 0)*a?
9
Suppose 0 = 8*a - 3621 - 699. Suppose -2*g + a = 112. What is the remainder when g is divided by 8?
6
Let p = -127 + 121. Calculate the remainder when 154 is divided by -1 + 15/(-45) + (-332)/p.
46
Let y = -45 + 194. Suppose 5*z + 5*s = 310, y = 5*z - 2*s - 126. Calculate the remainder when z is divided by 2 - (-1)/(3/81).
28
Let u(g) = 7*g**2 + 2*g + 5. Let s = 435 + -431. What is the remainder when u(s) is divided by 64?
61
Suppose -100*w = 43*w - 5291. Suppose 5*n - 592 = -102. Calculate the remainder when n is divided by w.
24
Suppose -v + 46 = -15. Suppose -95 = 56*u - v*u. Let s = 23 - 9. Calculate the remainder when u is divided by s.
5
Suppose 115 = 4*c - 77. Let o = -5 + c. Calculate the remainder when o is divided by 23.
20
Suppose 6*n = 13*n + 35. Let h = n + 74. Suppose -4*r + 38 + 62 = 0. Calculate the remainder when h is divided by r.
19
Let i = 66 - 62. Let y(p) = -2*p**2 + 7*p + 5. Let t be y(i). Calculate the remainder when -2 - (-45*1 + 4/t) is divided by 14.
11
Suppose 0 = 6*k - 2*k - 36. Let t(w) = -57*w**2 - 49*w**2 - 49*w**2 + 18*w + 22 + 156*w**2. Calculate the remainder when k is divided by t(-17).
4
Let t = 1005 - 594. Suppose -t + 141 = -9*h. Let z = 60 - -29. What is the remainder when z is divided by h?
29
Let p(i) = -6*i**2 - 34*i + 14. Let q be p(-6). Calculate the remainder when ((-22224)/27)/(-4) - q/(-9) is divided by 9.
8
Suppose 0 = 2*p + m - 2919, -3*p + 158 = -6*m - 4273. Calculate the remainder when p is divided by 727.
9
Suppose 4*k = 8, 2*s + 5*k - 242 = -714. Let u = s - -334. Calculate the remainder when u is divided by 32.
29
Calculate the remainder when (-64)/(-256) + 278/16*10 is divided by 42.
6
Suppose -4*m - 5*q = -960, 0 = -3*m - 2*m + 4*q + 1200. Calculate the remainder when m is divided by 54.
24
Suppose 39*x - 42*x = -9, -3*v - 3*x + 48 = 0. What is the remainder when 73 is divided by v?
8
Suppose -99 = 4*x - 95, 5*x = -2*y + 891. Calculate the remainder when 904 is divided by y.
8
Suppose -13*q + 1030 - 140 = 76*q. Calculate the remainder when 5008 is divided by q.
8
Suppose -m = 4*b - 14, -43*m + 2 = -42*m. Suppose 3*a + 5*k = 119, b*a + 39*k = 41*k + 154. What is the remainder when 1437 is divided by a?
45
Suppose 1 - 11 = -5*d. Suppose 4*z = -8, d*g + z + 3*z + 4 = 0. Suppose 5*i - 60 = r, 0 = -g*r - 2*r. Calculate the remainder when 57 is divided by i.
9
Let j be 0*((-21)/6)/(-7). Suppose -4*u - 1 - 27 = j. What is the remainder when 4/2 - (u - -4) is divided by 1?
0
Suppose 14088 = 112*j - 4056. Calculate the remainder when 5829 is divided by j.
159
Let b be (-6 + -1)/28*-40. Suppose 28 = 3*v + b. What is the remainder when 24 is divided by v?
0
Suppose -48 + 50 = 2*u. Let g = 188 + -40. Calculate the remainder when g is divided by 5 + (-10 - -7) + 27 + u.
28
Suppose 5*b = -12*q + 13*q + 94, -5*q = 5*b + 320. Calculate the remainder when q*(-21)/(-9)*(-1)/1 is divided by 28.
21
Let x(i) = -i**2 + 73*i + 178. What is the remainder when 645 is divided by x(71)?
5
Suppose i = -2*j + 22 + 120, 3*j + 471 = 3*i. Suppose 0 = -11*v + 8*v - 5*p + i, 3*p = -2*v + 101. What is the remainder when 97 is divided by v?
48
Suppose -3*u + 136 = 5*t, t = -33*u + 31*u + 100. What is the remainder when u is divided by 1?
0
Let b be (-5 + 6 - -2)/(-1) - -7. Suppose 62 - 6 = b*i. Calculate the remainder when 41 is divided by i.
13
Let v be (-26)/(-5) - ((-84)/(-20) + -4). Suppose -5*r = v - 110. What is the remainder when 1 + 1023/r - 6/(-21) is divided by 27?
23
Let i = -857 + 488. What is the remainder when (-2 + i + 1)*96/(-240) is divided by 10?
8
Let h = 193 + 81. Let k = h + -149. What is the remainder when k is divided by 64?
61
Let g = 2 - -2. Suppose 3*x + 131 = 5*r, -20*r = -22*r - 3*x + 65. Suppose -y = -8*y + r. Calculate the remainder when y is divided by g.
0
Suppose 3*b - 1494 = b. Suppose 5*o + 5*w - 160 = 0, 3*w - 28 = -22. What is the remainder when b is divided by o?
27
Let u(r) = r**3 + 7*r**2 + 2*r - 1. Let s = 7 - -43. Suppose 18*y = 13*y + s. What is the remainder when u(-5) is divided by y?
9
Let s = 13 + 8. Suppose -1330*b + 1274*b + 2128 = 0. What is the remainder when b is divided by s?
17
Let n(v) = -3*v**2 - 855*v + 5245. Suppose 0 = 4*c + 84 + 52. What is the remainder when n(-291) is divided by (-2)/8 + c/(-8)?
3
Let o = 1382 - 1282. What is the remainder when o is divided by 34?
32
Let w(k) = -2*k**2 - 109*k + 167. What is the remainder when 189 is divided by w(-55)?
77
Let q be (-58)/(-4)*(-8)/(-4). Suppose -q*u + 26*u + 18 = 0. What is the remainder when 70 is divided by u?
4
Let b be -3 - 190/(-45) - 4/18. Suppose -3*c + b = -4*c. Calculate the remainder when 54 is divided by (-96)/(-6) + c + 0.
9
Calculate the remainder when 226 is divided by (-125)/(-7) - (-88)/77.
17
Calculate the remainder when 448020/150 - ((-14)/(-5) + -3) is divided by 18.
17
Let r(f) = -4*f - 3. Suppose 3*u = 3*n - 90, 11*n + 5*u + 104 = 14*n. Calculate the remainder when n is divided by r(-3).
5
Suppose 4*h = 29 - 17. Let y be ((-4)/6)/(h/9). Calculate the remainder when 20 is divided by y/(-9) - (-248)/18.
6
Let g = -25 + 37. Suppose 0 = -51*o + 26*o + 50. What is the remainder when 8 + 22 + 2 + o is divided by g?
10
Let k(i) = 12*i**2 + 129*i + 321. What is the remainder when k(-3) is divided by (-4)/(-14) - 150/(-14)?
9
Suppose -26*w + 930 = 4*w. Calculate the remainder when 103 is divided by w.
10
Let o(z) = 2*z**2 - 4*z + 11. Calculate the remainder when o(-8) is divided by 345450/11985 - (-6)/34.
26
Suppose 3*i - 2*w - 2 = i, 5*i - 2*w = 11. Suppose -3 = -2*j - i. Suppose j = -0*u - 8*u + 240. What is the remainder when u is divided by 19?
11
Suppose -4*y = -5*m - 214, 102*m - 18 = 105*m. What is the remainder when 562 is divided by y?
10
Let k = 219 - 119. Let a(l) = -2*l**3 + 31*l**2 + 49*l + 59. What is the remainder when k is divided by a(17)?
0
Let s(u) = 24*u**2 - 3*u + 8. Let g be s(2). Let q = 137 - g. What is the remainder when 179 is divided by q?
23
Suppose 0 = -4*n - m + 3, -3*n - 5*m - 7 = 12. Suppose -u + 299 = n*u + 2*v, -3*u = -3*v - 294. Calculate the remainder when u is divided by 52.
47
Suppose -24 = 5*g - 34. Let n(q) = -q**2 - 4*q + 3. Let r be n(-4). Calculate the remainder when (-920)/(-12) - g/r is divided by 13.
11
Let t be 2 + 1167/3*1. Suppose -t + 31 = -10*y. What is the remainder when y is divided by 18?
0
Let l = 1 - -7. Suppose -5*z + 3*n + 4 + 8 = 0, -4*z = 3*n - 15. Suppose -5*f - 5*h = -55, z*h + 9 + 3 = 0. What is the remainder when f is divided by l?
7
Let m be (0 + 3)/(1 + 6/(-9)). Suppose 456 = m*o - 129. What is the remainder when o is divided by 6?
5
Suppose 3*i = -o + 47, -2*i - 203 = -4*o + i. Let q(a) = a**2 + 97*a - 14062. What is the remainder when q(80) is divided by o?
48
Let f(t) = t**2 + t - 50. Let m be f(6). Let k(r) = -4*r + 67. Calculate the remainder when k(m) is divided by 15.
9
Let q = 421 - 416. Suppose -5*v - 25 = 0, q*n + 0*v - 5*v = 785. What is the remainder when n is divided by 39?
35
Let t = 14 + 7. Let q(z) = 8*z + 64. Let j be q(-8). Suppose y + 6*o - 